e
Is 218124271 a multiple of 251?
True
Does 94 divide 140221022?
True
Is 1792 a factor of 370393856?
True
Does 16 divide 112170064?
True
Does 21 divide 113793309?
True
Is 7 a factor of 1586577?
False
Is 18 a factor of 16791390?
True
Is 46357181 a multiple of 799?
True
Is 1330 a factor of 440164963?
False
Does 21 divide 74900849?
False
Is 2485886000 a multiple of 184?
True
Is 93599231 a multiple of 47?
True
Does 6988 divide 1815696374?
False
Is 20854185 a multiple of 1395?
False
Is 63 a factor of 5859561?
False
Does 15 divide 735029310?
True
Does 337 divide 218618094?
False
Is 1800 a factor of 2877384600?
True
Is 894 a factor of 120161646?
True
Is 441 a factor of 86698395?
True
Is 1058017590 a multiple of 185?
True
Is 139 a factor of 65530090?
False
Is 1730632195 a multiple of 4867?
True
Does 37 divide 91896577?
False
Is 80430230 a multiple of 85?
True
Does 3808 divide 843759213?
False
Is 16 a factor of 2207232?
True
Does 165 divide 444443505?
True
Is 12 a factor of 16118402?
False
Is 22 a factor of 1136064651?
False
Is 15940368 a multiple of 349?
False
Is 2 a factor of 14167415?
False
Does 416 divide 6260532?
False
Is 83241870 a multiple of 6?
True
Does 13 divide 33326159?
False
Is 59 a factor of 109099241?
False
Is 288 a factor of 1319071434?
False
Does 11 divide 13593310?
False
Is 107 a factor of 2551619649?
False
Is 675 a factor of 85787215?
False
Does 9415 divide 1380959686?
False
Is 135370224 a multiple of 671?
True
Is 1062 a factor of 781980336?
True
Is 464047996 a multiple of 319?
False
Does 155 divide 5378810?
True
Is 69249180 a multiple of 13?
True
Is 34 a factor of 110391093?
False
Is 334 a factor of 6626967?
False
Does 937 divide 213867990?
False
Does 70 divide 122957809?
False
Does 78 divide 1650414558?
True
Is 863569647 a multiple of 9?
True
Is 453137070 a multiple of 2073?
True
Is 27184992 a multiple of 11?
False
Is 1726 a factor of 234760772?
False
Is 43464850 a multiple of 143?
True
Is 48 a factor of 235770804?
False
Is 189 a factor of 117410202?
True
Is 1272346366 a multiple of 205?
False
Is 238 a factor of 13959177?
False
Is 15273795 a multiple of 78?
False
Is 15948748 a multiple of 73?
True
Is 8 a factor of 41413592?
True
Does 114 divide 1917788940?
True
Is 1485 a factor of 407470425?
False
Is 11 a factor of 21454857?
False
Does 13 divide 310229790?
True
Is 732375236 a multiple of 105?
False
Is 48499276 a multiple of 434?
False
Is 7923464 a multiple of 297?
False
Does 1305 divide 141232320?
True
Is 27 a factor of 425294766?
True
Is 711 a factor of 87497942?
False
Does 4908 divide 242519004?
True
Is 183 a factor of 1883440325?
False
Is 548 a factor of 931449980?
False
Is 151 a factor of 27640852?
True
Is 1404300595 a multiple of 127?
True
Does 13 divide 3335479214?
False
Is 24844260 a multiple of 2?
True
Is 1338 a factor of 443046588?
True
Is 981583497 a multiple of 2822?
False
Is 129 a factor of 86688000?
True
Is 4433941 even?
False
Is 259076786 a multiple of 167?
True
Is 26782140 a multiple of 1540?
True
Does 361 divide 23572578?
True
Is 5171678030 a multiple of 83?
False
Does 1681 divide 384453105?
True
Is 1070 a factor of 3562099?
False
Does 769 divide 132909121?
False
Is 412656384 a multiple of 896?
True
Does 82 divide 4717788?
True
Does 1211 divide 4789127168?
True
Is 37 a factor of 303623302?
False
Is 1943 a factor of 109258776?
True
Does 305 divide 3615198?
False
Does 4214 divide 1985538499?
False
Does 4 divide 5977244?
True
Is 26 a factor of 4674378124?
True
Is 301 a factor of 3818184642?
False
Is 5 a factor of 177430629?
False
Is 10 a factor of 2355216987?
False
Does 73 divide 3532987?
False
Is 2134 a factor of 814848378?
False
Is 17 a factor of 1644422886?
True
Is 39658039 a multiple of 6619?
False
Is 55201842 a multiple of 9?
True
Is 32879700 a multiple of 180?
True
Is 73716157 a multiple of 185?
False
Does 2521 divide 9668817?
False
Is 64 a factor of 136609410?
False
Is 20651130 a multiple of 45?
True
Does 70 divide 58222410?
False
Is 2440329 a multiple of 187?
False
Is 15413325 a multiple of 28?
False
Is 330330450 a multiple of 2775?
True
Is 14917330 a multiple of 85?
True
Is 48 a factor of 222267377?
False
Is 567985185 a multiple of 586?
False
Does 14 divide 140019527?
False
Does 710 divide 118468055?
False
Does 80 divide 43877133?
False
Does 897 divide 227239004?
False
Is 299451258 a multiple of 558?
True
Is 33 a factor of 73744242?
True
Is 53 a factor of 85052598?
True
Does 2 divide 94468575?
False
Is 119 a factor of 1421841893?
False
Is 50 a factor of 326862772?
False
Is 1236 a factor of 698870214?
False
Is 2266 a factor of 581135704?
False
Does 811 divide 498099980?
True
Does 15 divide 38782904?
False
Is 5729730816 a multiple of 23?
False
Is 49 a factor of 13070374?
False
Is 25 a factor of 2677350?
True
Is 1347389394 a multiple of 173?
True
Is 15264020 a multiple of 2?
True
Is 47179299 a multiple of 432?
False
Is 1090 a factor of 21409549?
False
Is 38 a factor of 31428104?
False
Is 43 a factor of 221767800?
False
Does 2690 divide 3967528870?
False
Does 6530 divide 2805008967?
False
Is 12 a factor of 130567560?
True
Is 377997 a multiple of 187?
False
Is 207 a factor of 60422472?
True
Does 10 divide 374679860?
True
Does 48 divide 918088376?
False
Is 1528 a factor of 282777433?
False
Does 266 divide 13613880?
True
Does 11 divide 128671235?
True
Does 7839 divide 514269756?
True
Is 29 a factor of 54744683?
False
Does 73 divide 29117145?
True
Does 251 divide 91955105?
True
Is 3213 a factor of 91043568?
True
Is 911080674 a multiple of 333?
True
Does 310 divide 98951429?
False
Does 326 divide 33399380?
False
Is 10 a factor of 24118174?
False
Is 67 a factor of 30201255?
True
Does 22 divide 3089790?
True
Is 11 a factor of 6943740?
False
Is 501 a factor of 197527767?
True
Does 12 divide 1722851616?
True
Is 378102107 a multiple of 2165?
False
Does 4 divide 8806344?
True
Does 11 divide 60034663?
False
Does 170 divide 15769705?
False
Does 4366 divide 2813441668?
True
Is 8710768 a multiple of 172?
True
Is 195 a factor of 20816353?
False
Is 76 a factor of 30151101?
False
Is 777235237 a multiple of 2298?
False
Is 24 a factor of 1450427961?
False
Does 13 divide 1384397066?
True
Is 465311930 a multiple of 85?
True
Is 26 a factor of 514259230?
False
Does 15 divide 62947515?
True
Does 276 divide 366697464?
True
Is 2255 a factor of 1442670075?
True
Is 30065350 a multiple of 2170?
True
Does 1861 divide 97948152?
True
Is 53608554 even?
True
Is 12717117 a multiple of 21?
True
Is 65 a factor of 9593927?
False
Is 3169808 a multiple of 20?
False
Is 3 a factor of 58874104?
False
Is 5 a factor of 109740925?
True
Does 3308 divide 1235828125?
False
Does 19 divide 151847674?
False
Does 8382 divide 4930954578?
True
Is 153 a factor of 33865020?
True
Does 27 divide 3254355405?
False
Does 10 divide 453662570?
True
Is 210800376 a multiple of 18?
True
Does 615 divide 26908710?
True
Is 39 a factor of 116686362?
True
Does 693 divide 7141805?
False
Does 26 divide 74417879?
False
Does 602 divide 80276761?
False
Is 783157133 a multiple of 4036?
False
Is 15 a factor of 1198753799?
False
Is 44757468 a multiple of 657?
True
Is 2767 a factor of 166523594?
True
Does 956 divide 37476156?
True
Does 12 divide 185100598?
False
Is 11660960 a multiple of 80?
True
Is 118347552 a multiple of 188?
False
Is 54487728 a multiple of 24?
True
Does 92 divide 146033524?
False
Does 194 divide 20208980?
True
Is 2019 a factor of 843680204?
False
Is 2 a factor of 84774134?
True
Is 19 a factor of 14584419?
True
Is 129869971 a multiple of 2629?
True
Does 2006 divide 18960712?
True
Is 742688046 a multiple of 18?
True
Is 528 a factor of 96749136?
True
Is 45949554 a multiple of 1766?
True
Does 38 divide 18842858?
False
Is 709940 a multiple of 28?
True
Is 7565 a factor of 52796135?
True
Is 80408541 a multiple of 687?
True
Does 158 divide 605454894?
True
Is 341 a factor of 262344258?
True
Is 1304958421 a multiple of 3233?
True
Is 11 a factor of 1774861?
True
Is 391 a factor of 73845991?
False
Is 11 a factor of 58822214?
True
Does 2 divide 1582607?
False
Does 3 divide 2666590?
False
Does 65 divide 1171295515?
True
Is 333223650 a multiple of 116?
False
Is 18 a factor of 5190067?
False
Is 47355073 a multiple of 1270?
False
Does 557 divide 1742627107?
False
Is 351967334 a multiple